{"id":69,"date":"2026-01-26T20:20:59","date_gmt":"2026-01-26T20:20:59","guid":{"rendered":"https:\/\/faaralp.fr\/?page_id=69"},"modified":"2026-01-26T20:21:00","modified_gmt":"2026-01-26T20:21:00","slug":"69-2","status":"publish","type":"page","link":"https:\/\/faaralp.fr\/index.php\/69-2\/","title":{"rendered":""},"content":{"rendered":"\n<figure class=\"wp-block-gallery has-nested-images columns-default is-cropped wp-block-gallery-1 is-layout-flex wp-block-gallery-is-layout-flex\">\n<figure class=\"wp-block-image size-large\"><img loading=\"lazy\" decoding=\"async\" width=\"847\" height=\"1024\" data-id=\"77\" src=\"https:\/\/faaralp.fr\/wp-content\/uploads\/2026\/01\/Hagop-Ajamian-847x1024.jpg\" alt=\"\" class=\"wp-image-77\" srcset=\"https:\/\/faaralp.fr\/wp-content\/uploads\/2026\/01\/Hagop-Ajamian-847x1024.jpg 847w, https:\/\/faaralp.fr\/wp-content\/uploads\/2026\/01\/Hagop-Ajamian-248x300.jpg 248w, https:\/\/faaralp.fr\/wp-content\/uploads\/2026\/01\/Hagop-Ajamian-768x928.jpg 768w, https:\/\/faaralp.fr\/wp-content\/uploads\/2026\/01\/Hagop-Ajamian-1271x1536.jpg 1271w, https:\/\/faaralp.fr\/wp-content\/uploads\/2026\/01\/Hagop-Ajamian.jpg 1374w\" sizes=\"auto, (max-width: 847px) 100vw, 847px\" \/><\/figure>\n\n\n\n<figure class=\"wp-block-image size-large\"><img loading=\"lazy\" decoding=\"async\" width=\"1024\" height=\"617\" data-id=\"78\" src=\"https:\/\/faaralp.fr\/wp-content\/uploads\/2026\/01\/Formalion-des-eleves-des-lycees-1024x617.jpg\" alt=\"\" class=\"wp-image-78\" srcset=\"https:\/\/faaralp.fr\/wp-content\/uploads\/2026\/01\/Formalion-des-eleves-des-lycees-1024x617.jpg 1024w, https:\/\/faaralp.fr\/wp-content\/uploads\/2026\/01\/Formalion-des-eleves-des-lycees-300x181.jpg 300w, https:\/\/faaralp.fr\/wp-content\/uploads\/2026\/01\/Formalion-des-eleves-des-lycees-768x463.jpg 768w, https:\/\/faaralp.fr\/wp-content\/uploads\/2026\/01\/Formalion-des-eleves-des-lycees.jpg 1031w\" sizes=\"auto, (max-width: 1024px) 100vw, 1024px\" \/><\/figure>\n\n\n\n<figure class=\"wp-block-image size-large\"><img loading=\"lazy\" decoding=\"async\" width=\"1024\" height=\"768\" data-id=\"82\" src=\"https:\/\/faaralp.fr\/wp-content\/uploads\/2026\/01\/Visite-du-labo-par-les-sponsors-1024x768.jpg\" alt=\"\" class=\"wp-image-82\" srcset=\"https:\/\/faaralp.fr\/wp-content\/uploads\/2026\/01\/Visite-du-labo-par-les-sponsors-1024x768.jpg 1024w, https:\/\/faaralp.fr\/wp-content\/uploads\/2026\/01\/Visite-du-labo-par-les-sponsors-300x225.jpg 300w, https:\/\/faaralp.fr\/wp-content\/uploads\/2026\/01\/Visite-du-labo-par-les-sponsors-768x576.jpg 768w, https:\/\/faaralp.fr\/wp-content\/uploads\/2026\/01\/Visite-du-labo-par-les-sponsors-1536x1152.jpg 1536w, https:\/\/faaralp.fr\/wp-content\/uploads\/2026\/01\/Visite-du-labo-par-les-sponsors.jpg 2016w\" sizes=\"auto, (max-width: 1024px) 100vw, 1024px\" \/><\/figure>\n\n\n\n<figure class=\"wp-block-image size-large\"><img loading=\"lazy\" decoding=\"async\" width=\"1024\" height=\"606\" data-id=\"80\" src=\"https:\/\/faaralp.fr\/wp-content\/uploads\/2026\/01\/visite-offricielle-de-la-Ville-de-Grenoble-et-remise-de-certicats-aux-eleves-1-1024x606.jpg\" alt=\"\" class=\"wp-image-80\" srcset=\"https:\/\/faaralp.fr\/wp-content\/uploads\/2026\/01\/visite-offricielle-de-la-Ville-de-Grenoble-et-remise-de-certicats-aux-eleves-1-1024x606.jpg 1024w, https:\/\/faaralp.fr\/wp-content\/uploads\/2026\/01\/visite-offricielle-de-la-Ville-de-Grenoble-et-remise-de-certicats-aux-eleves-1-300x178.jpg 300w, https:\/\/faaralp.fr\/wp-content\/uploads\/2026\/01\/visite-offricielle-de-la-Ville-de-Grenoble-et-remise-de-certicats-aux-eleves-1-768x455.jpg 768w, https:\/\/faaralp.fr\/wp-content\/uploads\/2026\/01\/visite-offricielle-de-la-Ville-de-Grenoble-et-remise-de-certicats-aux-eleves-1.jpg 1513w\" sizes=\"auto, (max-width: 1024px) 100vw, 1024px\" \/><\/figure>\n\n\n\n<figure class=\"wp-block-image size-large\"><img loading=\"lazy\" decoding=\"async\" width=\"1024\" height=\"768\" data-id=\"79\" src=\"https:\/\/faaralp.fr\/wp-content\/uploads\/2026\/01\/Le-laboratoire-principal-1024x768.jpg\" alt=\"\" class=\"wp-image-79\" srcset=\"https:\/\/faaralp.fr\/wp-content\/uploads\/2026\/01\/Le-laboratoire-principal-1024x768.jpg 1024w, https:\/\/faaralp.fr\/wp-content\/uploads\/2026\/01\/Le-laboratoire-principal-300x225.jpg 300w, https:\/\/faaralp.fr\/wp-content\/uploads\/2026\/01\/Le-laboratoire-principal-768x576.jpg 768w, https:\/\/faaralp.fr\/wp-content\/uploads\/2026\/01\/Le-laboratoire-principal-1536x1152.jpg 1536w, https:\/\/faaralp.fr\/wp-content\/uploads\/2026\/01\/Le-laboratoire-principal.jpg 1600w\" sizes=\"auto, (max-width: 1024px) 100vw, 1024px\" \/><\/figure>\n\n\n\n<figure class=\"wp-block-image size-large\"><img loading=\"lazy\" decoding=\"async\" width=\"1024\" height=\"768\" data-id=\"83\" src=\"https:\/\/faaralp.fr\/wp-content\/uploads\/2026\/01\/Supports-didactiques--1024x768.jpg\" alt=\"\" class=\"wp-image-83\" srcset=\"https:\/\/faaralp.fr\/wp-content\/uploads\/2026\/01\/Supports-didactiques--1024x768.jpg 1024w, https:\/\/faaralp.fr\/wp-content\/uploads\/2026\/01\/Supports-didactiques--300x225.jpg 300w, https:\/\/faaralp.fr\/wp-content\/uploads\/2026\/01\/Supports-didactiques--768x576.jpg 768w, https:\/\/faaralp.fr\/wp-content\/uploads\/2026\/01\/Supports-didactiques--1536x1152.jpg 1536w, https:\/\/faaralp.fr\/wp-content\/uploads\/2026\/01\/Supports-didactiques-.jpg 1600w\" sizes=\"auto, (max-width: 1024px) 100vw, 1024px\" \/><\/figure>\n\n\n\n<figure class=\"wp-block-image size-large\"><img loading=\"lazy\" decoding=\"async\" width=\"523\" height=\"348\" data-id=\"72\" src=\"https:\/\/faaralp.fr\/wp-content\/uploads\/2026\/01\/MG_5870.webp\" alt=\"\" class=\"wp-image-72\" srcset=\"https:\/\/faaralp.fr\/wp-content\/uploads\/2026\/01\/MG_5870.webp 523w, https:\/\/faaralp.fr\/wp-content\/uploads\/2026\/01\/MG_5870-300x200.webp 300w\" sizes=\"auto, (max-width: 523px) 100vw, 523px\" \/><\/figure>\n\n\n\n<figure class=\"wp-block-image size-large\"><img loading=\"lazy\" decoding=\"async\" width=\"1024\" height=\"360\" data-id=\"81\" src=\"https:\/\/faaralp.fr\/wp-content\/uploads\/2026\/01\/Le-batiment-consacre-a-lenseignement-du-CFT-Farralp.jpg\" alt=\"\" class=\"wp-image-81\" srcset=\"https:\/\/faaralp.fr\/wp-content\/uploads\/2026\/01\/Le-batiment-consacre-a-lenseignement-du-CFT-Farralp.jpg 1024w, https:\/\/faaralp.fr\/wp-content\/uploads\/2026\/01\/Le-batiment-consacre-a-lenseignement-du-CFT-Farralp-300x105.jpg 300w, https:\/\/faaralp.fr\/wp-content\/uploads\/2026\/01\/Le-batiment-consacre-a-lenseignement-du-CFT-Farralp-768x270.jpg 768w\" sizes=\"auto, (max-width: 1024px) 100vw, 1024px\" \/><\/figure>\n\n\n\n<figure class=\"wp-block-image size-large\"><img loading=\"lazy\" decoding=\"async\" width=\"1024\" height=\"609\" data-id=\"76\" src=\"https:\/\/faaralp.fr\/wp-content\/uploads\/2026\/01\/Formation-des-professeurs-1024x609.jpg\" alt=\"\" class=\"wp-image-76\" srcset=\"https:\/\/faaralp.fr\/wp-content\/uploads\/2026\/01\/Formation-des-professeurs-1024x609.jpg 1024w, https:\/\/faaralp.fr\/wp-content\/uploads\/2026\/01\/Formation-des-professeurs-300x178.jpg 300w, https:\/\/faaralp.fr\/wp-content\/uploads\/2026\/01\/Formation-des-professeurs-768x457.jpg 768w, https:\/\/faaralp.fr\/wp-content\/uploads\/2026\/01\/Formation-des-professeurs-1536x913.jpg 1536w, https:\/\/faaralp.fr\/wp-content\/uploads\/2026\/01\/Formation-des-professeurs.jpg 1716w\" sizes=\"auto, (max-width: 1024px) 100vw, 1024px\" \/><\/figure>\n\n\n\n<figure class=\"wp-block-image size-large\"><img loading=\"lazy\" decoding=\"async\" width=\"1024\" height=\"934\" data-id=\"84\" src=\"https:\/\/faaralp.fr\/wp-content\/uploads\/2026\/01\/Inauguration-du-centre-de-formation--1024x934.jpg\" alt=\"\" class=\"wp-image-84\" srcset=\"https:\/\/faaralp.fr\/wp-content\/uploads\/2026\/01\/Inauguration-du-centre-de-formation--1024x934.jpg 1024w, https:\/\/faaralp.fr\/wp-content\/uploads\/2026\/01\/Inauguration-du-centre-de-formation--300x274.jpg 300w, https:\/\/faaralp.fr\/wp-content\/uploads\/2026\/01\/Inauguration-du-centre-de-formation--768x701.jpg 768w, https:\/\/faaralp.fr\/wp-content\/uploads\/2026\/01\/Inauguration-du-centre-de-formation-.jpg 1176w\" sizes=\"auto, (max-width: 1024px) 100vw, 1024px\" \/><\/figure>\n\n\n\n<figure class=\"wp-block-image size-large\"><img loading=\"lazy\" decoding=\"async\" width=\"768\" height=\"1024\" data-id=\"70\" src=\"https:\/\/faaralp.fr\/wp-content\/uploads\/2026\/01\/316414981_128886256660354_3419476879209684391_n-768x1024.jpg\" alt=\"\" class=\"wp-image-70\" srcset=\"https:\/\/faaralp.fr\/wp-content\/uploads\/2026\/01\/316414981_128886256660354_3419476879209684391_n-768x1024.jpg 768w, https:\/\/faaralp.fr\/wp-content\/uploads\/2026\/01\/316414981_128886256660354_3419476879209684391_n-225x300.jpg 225w, https:\/\/faaralp.fr\/wp-content\/uploads\/2026\/01\/316414981_128886256660354_3419476879209684391_n-1152x1536.jpg 1152w, https:\/\/faaralp.fr\/wp-content\/uploads\/2026\/01\/316414981_128886256660354_3419476879209684391_n.jpg 1536w\" sizes=\"auto, (max-width: 768px) 100vw, 768px\" \/><\/figure>\n\n\n\n<figure class=\"wp-block-image size-large\"><img loading=\"lazy\" decoding=\"async\" width=\"1024\" height=\"768\" data-id=\"73\" src=\"https:\/\/faaralp.fr\/wp-content\/uploads\/2026\/01\/316422617_128883253327321_6086954084014358788_n-1024x768.jpg\" alt=\"\" class=\"wp-image-73\" srcset=\"https:\/\/faaralp.fr\/wp-content\/uploads\/2026\/01\/316422617_128883253327321_6086954084014358788_n-1024x768.jpg 1024w, https:\/\/faaralp.fr\/wp-content\/uploads\/2026\/01\/316422617_128883253327321_6086954084014358788_n-300x225.jpg 300w, https:\/\/faaralp.fr\/wp-content\/uploads\/2026\/01\/316422617_128883253327321_6086954084014358788_n-768x576.jpg 768w, https:\/\/faaralp.fr\/wp-content\/uploads\/2026\/01\/316422617_128883253327321_6086954084014358788_n-1536x1152.jpg 1536w, https:\/\/faaralp.fr\/wp-content\/uploads\/2026\/01\/316422617_128883253327321_6086954084014358788_n.jpg 1600w\" sizes=\"auto, (max-width: 1024px) 100vw, 1024px\" \/><\/figure>\n\n\n\n<figure class=\"wp-block-image size-large\"><img loading=\"lazy\" decoding=\"async\" width=\"1024\" height=\"768\" data-id=\"74\" src=\"https:\/\/faaralp.fr\/wp-content\/uploads\/2026\/01\/316686659_128884276660552_8302887931033452579_n-1024x768.jpg\" alt=\"\" class=\"wp-image-74\" srcset=\"https:\/\/faaralp.fr\/wp-content\/uploads\/2026\/01\/316686659_128884276660552_8302887931033452579_n-1024x768.jpg 1024w, https:\/\/faaralp.fr\/wp-content\/uploads\/2026\/01\/316686659_128884276660552_8302887931033452579_n-300x225.jpg 300w, https:\/\/faaralp.fr\/wp-content\/uploads\/2026\/01\/316686659_128884276660552_8302887931033452579_n-768x576.jpg 768w, https:\/\/faaralp.fr\/wp-content\/uploads\/2026\/01\/316686659_128884276660552_8302887931033452579_n-1536x1152.jpg 1536w, https:\/\/faaralp.fr\/wp-content\/uploads\/2026\/01\/316686659_128884276660552_8302887931033452579_n.jpg 1600w\" sizes=\"auto, (max-width: 1024px) 100vw, 1024px\" \/><\/figure>\n\n\n\n<figure class=\"wp-block-image size-large\"><img loading=\"lazy\" decoding=\"async\" width=\"1024\" height=\"768\" data-id=\"75\" src=\"https:\/\/faaralp.fr\/wp-content\/uploads\/2026\/01\/318346231_131645089717804_8398965702713896698_n-1024x768.jpg\" alt=\"\" class=\"wp-image-75\" srcset=\"https:\/\/faaralp.fr\/wp-content\/uploads\/2026\/01\/318346231_131645089717804_8398965702713896698_n-1024x768.jpg 1024w, https:\/\/faaralp.fr\/wp-content\/uploads\/2026\/01\/318346231_131645089717804_8398965702713896698_n-300x225.jpg 300w, https:\/\/faaralp.fr\/wp-content\/uploads\/2026\/01\/318346231_131645089717804_8398965702713896698_n-768x576.jpg 768w, https:\/\/faaralp.fr\/wp-content\/uploads\/2026\/01\/318346231_131645089717804_8398965702713896698_n-1536x1152.jpg 1536w, https:\/\/faaralp.fr\/wp-content\/uploads\/2026\/01\/318346231_131645089717804_8398965702713896698_n.jpg 1600w\" sizes=\"auto, (max-width: 1024px) 100vw, 1024px\" \/><\/figure>\n\n\n\n<figure class=\"wp-block-image size-large\"><img loading=\"lazy\" decoding=\"async\" width=\"960\" height=\"723\" data-id=\"71\" src=\"https:\/\/faaralp.fr\/wp-content\/uploads\/2026\/01\/386763953_284892291059749_1985877827087776745_n.jpg\" alt=\"\" class=\"wp-image-71\" srcset=\"https:\/\/faaralp.fr\/wp-content\/uploads\/2026\/01\/386763953_284892291059749_1985877827087776745_n.jpg 960w, https:\/\/faaralp.fr\/wp-content\/uploads\/2026\/01\/386763953_284892291059749_1985877827087776745_n-300x226.jpg 300w, https:\/\/faaralp.fr\/wp-content\/uploads\/2026\/01\/386763953_284892291059749_1985877827087776745_n-768x578.jpg 768w\" sizes=\"auto, (max-width: 960px) 100vw, 960px\" \/><\/figure>\n<\/figure>\n","protected":false},"excerpt":{"rendered":"","protected":false},"author":2,"featured_media":0,"parent":0,"menu_order":0,"comment_status":"closed","ping_status":"closed","template":"","meta":{"footnotes":""},"class_list":["post-69","page","type-page","status-publish","hentry"],"yoast_head":"<!-- This site is optimized with the Yoast SEO plugin v27.3 - https:\/\/yoast.com\/product\/yoast-seo-wordpress\/ -->\n<title>- Faaralp<\/title>\n<meta name=\"robots\" content=\"index, follow, max-snippet:-1, max-image-preview:large, max-video-preview:-1\" \/>\n<link rel=\"canonical\" href=\"https:\/\/faaralp.fr\/index.php\/69-2\/\" \/>\n<meta property=\"og:locale\" content=\"en_US\" \/>\n<meta property=\"og:type\" content=\"article\" \/>\n<meta property=\"og:title\" content=\"- Faaralp\" \/>\n<meta property=\"og:url\" content=\"https:\/\/faaralp.fr\/index.php\/69-2\/\" \/>\n<meta property=\"og:site_name\" content=\"Faaralp\" \/>\n<meta property=\"article:publisher\" content=\"https:\/\/www.facebook.com\/profile.php?id=61554153127191#\" \/>\n<meta property=\"article:modified_time\" content=\"2026-01-26T20:21:00+00:00\" \/>\n<meta property=\"og:image\" content=\"https:\/\/faaralp.fr\/wp-content\/uploads\/2026\/01\/Hagop-Ajamian-847x1024.jpg\" \/>\n<meta name=\"twitter:card\" content=\"summary_large_image\" \/>\n<meta name=\"twitter:label1\" content=\"Est. reading time\" \/>\n\t<meta name=\"twitter:data1\" content=\"3 minutes\" \/>\n<script type=\"application\/ld+json\" class=\"yoast-schema-graph\">{\"@context\":\"https:\\\/\\\/schema.org\",\"@graph\":[{\"@type\":\"WebPage\",\"@id\":\"https:\\\/\\\/faaralp.fr\\\/index.php\\\/69-2\\\/\",\"url\":\"https:\\\/\\\/faaralp.fr\\\/index.php\\\/69-2\\\/\",\"name\":\"- Faaralp\",\"isPartOf\":{\"@id\":\"http:\\\/\\\/faaralp.fr\\\/#website\"},\"primaryImageOfPage\":{\"@id\":\"https:\\\/\\\/faaralp.fr\\\/index.php\\\/69-2\\\/#primaryimage\"},\"image\":{\"@id\":\"https:\\\/\\\/faaralp.fr\\\/index.php\\\/69-2\\\/#primaryimage\"},\"thumbnailUrl\":\"https:\\\/\\\/faaralp.fr\\\/wp-content\\\/uploads\\\/2026\\\/01\\\/Hagop-Ajamian-847x1024.jpg\",\"datePublished\":\"2026-01-26T20:20:59+00:00\",\"dateModified\":\"2026-01-26T20:21:00+00:00\",\"inLanguage\":\"en-US\",\"potentialAction\":[{\"@type\":\"ReadAction\",\"target\":[\"https:\\\/\\\/faaralp.fr\\\/index.php\\\/69-2\\\/\"]}]},{\"@type\":\"ImageObject\",\"inLanguage\":\"en-US\",\"@id\":\"https:\\\/\\\/faaralp.fr\\\/index.php\\\/69-2\\\/#primaryimage\",\"url\":\"https:\\\/\\\/faaralp.fr\\\/wp-content\\\/uploads\\\/2026\\\/01\\\/Hagop-Ajamian.jpg\",\"contentUrl\":\"https:\\\/\\\/faaralp.fr\\\/wp-content\\\/uploads\\\/2026\\\/01\\\/Hagop-Ajamian.jpg\",\"width\":1374,\"height\":1661},{\"@type\":\"WebSite\",\"@id\":\"http:\\\/\\\/faaralp.fr\\\/#website\",\"url\":\"http:\\\/\\\/faaralp.fr\\\/\",\"name\":\"Faaralp\",\"description\":\"La F\u00e9d\u00e9ration Arm\u00e9nienne Auvergne Rh\u00f4ne-Alpes (FAARALP)\",\"publisher\":{\"@id\":\"http:\\\/\\\/faaralp.fr\\\/#organization\"},\"potentialAction\":[{\"@type\":\"SearchAction\",\"target\":{\"@type\":\"EntryPoint\",\"urlTemplate\":\"http:\\\/\\\/faaralp.fr\\\/?s={search_term_string}\"},\"query-input\":{\"@type\":\"PropertyValueSpecification\",\"valueRequired\":true,\"valueName\":\"search_term_string\"}}],\"inLanguage\":\"en-US\"},{\"@type\":\"Organization\",\"@id\":\"http:\\\/\\\/faaralp.fr\\\/#organization\",\"name\":\"Faaralp\",\"url\":\"http:\\\/\\\/faaralp.fr\\\/\",\"logo\":{\"@type\":\"ImageObject\",\"inLanguage\":\"en-US\",\"@id\":\"http:\\\/\\\/faaralp.fr\\\/#\\\/schema\\\/logo\\\/image\\\/\",\"url\":\"https:\\\/\\\/faaralp.fr\\\/wp-content\\\/uploads\\\/2026\\\/01\\\/logo.jpg\",\"contentUrl\":\"https:\\\/\\\/faaralp.fr\\\/wp-content\\\/uploads\\\/2026\\\/01\\\/logo.jpg\",\"width\":125,\"height\":102,\"caption\":\"Faaralp\"},\"image\":{\"@id\":\"http:\\\/\\\/faaralp.fr\\\/#\\\/schema\\\/logo\\\/image\\\/\"},\"sameAs\":[\"https:\\\/\\\/www.facebook.com\\\/profile.php?id=61554153127191#\"]}]}<\/script>\n<!-- \/ Yoast SEO plugin. -->","yoast_head_json":{"title":"- Faaralp","robots":{"index":"index","follow":"follow","max-snippet":"max-snippet:-1","max-image-preview":"max-image-preview:large","max-video-preview":"max-video-preview:-1"},"canonical":"https:\/\/faaralp.fr\/index.php\/69-2\/","og_locale":"en_US","og_type":"article","og_title":"- Faaralp","og_url":"https:\/\/faaralp.fr\/index.php\/69-2\/","og_site_name":"Faaralp","article_publisher":"https:\/\/www.facebook.com\/profile.php?id=61554153127191#","article_modified_time":"2026-01-26T20:21:00+00:00","og_image":[{"url":"https:\/\/faaralp.fr\/wp-content\/uploads\/2026\/01\/Hagop-Ajamian-847x1024.jpg","type":"","width":"","height":""}],"twitter_card":"summary_large_image","twitter_misc":{"Est. reading time":"3 minutes"},"schema":{"@context":"https:\/\/schema.org","@graph":[{"@type":"WebPage","@id":"https:\/\/faaralp.fr\/index.php\/69-2\/","url":"https:\/\/faaralp.fr\/index.php\/69-2\/","name":"- Faaralp","isPartOf":{"@id":"http:\/\/faaralp.fr\/#website"},"primaryImageOfPage":{"@id":"https:\/\/faaralp.fr\/index.php\/69-2\/#primaryimage"},"image":{"@id":"https:\/\/faaralp.fr\/index.php\/69-2\/#primaryimage"},"thumbnailUrl":"https:\/\/faaralp.fr\/wp-content\/uploads\/2026\/01\/Hagop-Ajamian-847x1024.jpg","datePublished":"2026-01-26T20:20:59+00:00","dateModified":"2026-01-26T20:21:00+00:00","inLanguage":"en-US","potentialAction":[{"@type":"ReadAction","target":["https:\/\/faaralp.fr\/index.php\/69-2\/"]}]},{"@type":"ImageObject","inLanguage":"en-US","@id":"https:\/\/faaralp.fr\/index.php\/69-2\/#primaryimage","url":"https:\/\/faaralp.fr\/wp-content\/uploads\/2026\/01\/Hagop-Ajamian.jpg","contentUrl":"https:\/\/faaralp.fr\/wp-content\/uploads\/2026\/01\/Hagop-Ajamian.jpg","width":1374,"height":1661},{"@type":"WebSite","@id":"http:\/\/faaralp.fr\/#website","url":"http:\/\/faaralp.fr\/","name":"Faaralp","description":"La F\u00e9d\u00e9ration Arm\u00e9nienne Auvergne Rh\u00f4ne-Alpes (FAARALP)","publisher":{"@id":"http:\/\/faaralp.fr\/#organization"},"potentialAction":[{"@type":"SearchAction","target":{"@type":"EntryPoint","urlTemplate":"http:\/\/faaralp.fr\/?s={search_term_string}"},"query-input":{"@type":"PropertyValueSpecification","valueRequired":true,"valueName":"search_term_string"}}],"inLanguage":"en-US"},{"@type":"Organization","@id":"http:\/\/faaralp.fr\/#organization","name":"Faaralp","url":"http:\/\/faaralp.fr\/","logo":{"@type":"ImageObject","inLanguage":"en-US","@id":"http:\/\/faaralp.fr\/#\/schema\/logo\/image\/","url":"https:\/\/faaralp.fr\/wp-content\/uploads\/2026\/01\/logo.jpg","contentUrl":"https:\/\/faaralp.fr\/wp-content\/uploads\/2026\/01\/logo.jpg","width":125,"height":102,"caption":"Faaralp"},"image":{"@id":"http:\/\/faaralp.fr\/#\/schema\/logo\/image\/"},"sameAs":["https:\/\/www.facebook.com\/profile.php?id=61554153127191#"]}]}},"_links":{"self":[{"href":"https:\/\/faaralp.fr\/index.php\/wp-json\/wp\/v2\/pages\/69","targetHints":{"allow":["GET"]}}],"collection":[{"href":"https:\/\/faaralp.fr\/index.php\/wp-json\/wp\/v2\/pages"}],"about":[{"href":"https:\/\/faaralp.fr\/index.php\/wp-json\/wp\/v2\/types\/page"}],"author":[{"embeddable":true,"href":"https:\/\/faaralp.fr\/index.php\/wp-json\/wp\/v2\/users\/2"}],"replies":[{"embeddable":true,"href":"https:\/\/faaralp.fr\/index.php\/wp-json\/wp\/v2\/comments?post=69"}],"version-history":[{"count":1,"href":"https:\/\/faaralp.fr\/index.php\/wp-json\/wp\/v2\/pages\/69\/revisions"}],"predecessor-version":[{"id":86,"href":"https:\/\/faaralp.fr\/index.php\/wp-json\/wp\/v2\/pages\/69\/revisions\/86"}],"wp:attachment":[{"href":"https:\/\/faaralp.fr\/index.php\/wp-json\/wp\/v2\/media?parent=69"}],"curies":[{"name":"wp","href":"https:\/\/api.w.org\/{rel}","templated":true}]}}